e 8 - 2*4/(-8). What are the prime factors of (m/(-2))/(36/o)?
2, 3, 11
Suppose -137*x = -139*x - 390. Let r = 735 - x. List the prime factors of r.
2, 3, 5, 31
Let w(b) = -8*b + 8. Let h be w(7). Let a = h + 149. List the prime factors of a.
101
Suppose 28*q + 2938608 = 100*q. What are the prime factors of q?
2, 20407
Suppose o = 2*t + 12631, -2*o + 9981 + 15284 = -3*t. List the prime factors of o.
12637
Let q = 82 + -75. Let c = q - 1. Suppose 4*x = -4*u + 648, -5*x = -c*u + u + 800. What are the prime factors of u?
7, 23
Suppose -8*a + 7*a - 4 = 0. Let c(m) be the second derivative of -3*m**5/20 - m**4/6 + 5*m**3/6 - 3*m**2/2 + 15*m. List the prime factors of c(a).
137
Let k = -3107 + 3426. Let z be 1318/(-7) + (-4)/(-14). Let t = z + k. What are the prime factors of t?
131
Suppose -b - 6 = -2*y, -2*y + 4*b = -4*y + 6. Suppose 2*h = 2*s + 4, -y*h + 3 = -9. What are the prime factors of ((-85)/(-5))/(s/26)?
13, 17
Suppose 2*p + 321 = 1103. Let c = -12 + p. What are the prime factors of c?
379
Let k(m) = -m**2 + 2. Let u(t) = t**2 + t - 1. Let i(n) = -k(n) - 4*u(n). Let h be i(1). List the prime factors of h/(-15) + (-1 - 68/(-3)).
2, 11
Let l = 4243 - 2480. What are the prime factors of l?
41, 43
Let y = 113592 - 70856. List the prime factors of y.
2, 2671
Let k be (6/4)/(-4 + 143/26). Suppose -v = -k - 0, -2*a + 15 = -v. What are the prime factors of a?
2
List the prime factors of ((-468)/(-91))/(39/81536).
2, 3, 7
Let t be (0/(-5))/(0 + -3). Suppose -3*v + 146 + 199 = t. Let o = v + -37. List the prime factors of o.
2, 3, 13
Let m(y) = -y**2 - 10*y. Let t be m(-11). Let c(d) be the first derivative of -2*d**2 + 3*d + 4. List the prime factors of c(t).
47
Let u = 2333 - 727. What are the prime factors of u?
2, 11, 73
Let n(c) = c**2 - 4*c - 22. Let m be n(-7). Suppose 0*j + j + s = 93, 0 = 4*j + 2*s - 364. Let g = j - m. What are the prime factors of g?
2, 17
Suppose 3*i - 3048 = -9*i. Let h = i - -366. List the prime factors of h.
2, 5, 31
Let d = 109 + -101. Suppose u - 618 = 4*j, 3*u = -u - d. Let p = -33 - j. List the prime factors of p.
2, 61
Let j be ((-88)/(-28))/(30/(-140))*-12. Let d = 436 - j. What are the prime factors of d?
2, 5, 13
Let j be 361/152 - (-3)/(-8). Suppose -2*t = -5*u - 1193, 1190 = -7*t + 9*t - j*u. List the prime factors of t.
2, 3, 11
Let m = 81 - 261. Let h = m - -1082. List the prime factors of h.
2, 11, 41
Let a(u) = 18*u**2 + 33*u + 79. List the prime factors of a(12).
3067
Let l be (36/(-15))/(14/(-35)). Suppose 0 = -l*v + 2*v + 12. Suppose -v*i = 37 - 208. What are the prime factors of i?
3, 19
Let q be (-1)/(-1) + 106*(-4)/(-4). Suppose -2*f + q - 103 = 0. Suppose f*z + 170 = 2*c, -5*c + 2*z = -4*c - 87. List the prime factors of c.
83
Let m be -4*((-7)/2 - (-6)/2). Suppose -2*r = -r - m*l, 2*r - 2*l - 4 = 0. Suppose -7*g + 36 = -6*g - 2*k, -k - 151 = -r*g. What are the prime factors of g?
2, 19
Let d(b) = 8 + 6 + 21*b - 9 - 2*b**3 - 3*b**2 - 5*b**2. What are the prime factors of d(-9)?
2, 313
Suppose -15288 = -4*g - 2*m, -3*g - 4*m = -4591 - 6865. What are the prime factors of g?
2, 239
Let x(a) = a**3 + 13*a**2 - 18*a - 12. Let f(m) = 4*m**2 - 8*m + 10. Let d be f(5). Suppose 7*n = 2*n - d. List the prime factors of x(n).
2, 11
Let z(b) = -3533*b + 104. List the prime factors of z(-3).
7, 11, 139
Let a be (-30)/12*(4/(-2) - 0). Let o(t) = 60*t - 97. What are the prime factors of o(a)?
7, 29
Let a(i) be the second derivative of i**4/3 + 4*i**3/3 + 7*i**2 - 63*i. List the prime factors of a(-3).
2, 13
Let u(d) = -d**3 + 89*d**2 + 885*d + 187. What are the prime factors of u(91)?
2, 5, 401
Let k(x) = 3*x - 70. Let r be k(24). Suppose -r*c + 218 = -596. What are the prime factors of c?
11, 37
Let o be -29 - -30 - (-2110 + -1). What are the prime factors of 6/15 + o/20?
2, 53
Let a be (-20)/3*(594/30)/(-11). Suppose -10*u = 2*u - 48. Suppose 0 = -3*t + 3, 0 = 2*y - u*t - 10 - a. List the prime factors of y.
13
Let g(v) = -10*v**3 + 5*v**2 - 5*v + 3. Let w be g(3). Let p = w + 794. List the prime factors of p.
557
Let b = -59 - -78. Suppose -2*v = -5*d + 43, -6*d - 3*v - b = -7*d. What are the prime factors of d?
7
Let p(w) = -9*w**2 + 35*w - 104. Let q be p(3). Let b be 1*4/5*-130. Let k = q - b. What are the prime factors of k?
2, 3
Suppose 0 = 6*z - 0*z - 108. Let g be (z/10)/((-51)/(-85)). List the prime factors of 728/42 - 1/g.
17
Let h(x) = x**3 + 7*x**2 - 11*x - 5. Suppose -12*q + 35 = -19*q. List the prime factors of h(q).
2, 5
Let c(z) = 42*z - 9. Let q be c(5). Let m = q + -62. What are the prime factors of m?
139
Suppose -32*d + 12*d = -51440. What are the prime factors of d?
2, 643
Let z = 71 - 34. Let y be (-8)/4*1 + 19. Let i = z + y. What are the prime factors of i?
2, 3
Suppose 2*s - 20 = -2*n - 2*n, -3*n + 9 = 0. Let y = s + 1. Suppose y*r = -5*g + 530, 0*g + 5*g - 512 = 4*r. What are the prime factors of g?
2, 13
Let q = -3360 + 4056. What are the prime factors of q?
2, 3, 29
Let v = -35 + 75. Let r = v - 43. What are the prime factors of -4 + (r - (2 + -70))?
61
Let l(j) be the third derivative of j**5/60 + j**4/24 - 5*j**3/3 - j**2 + 5*j. List the prime factors of l(-6).
2, 5
Let u = -781 - -819. Suppose -u*g = -23*g - 27300. List the prime factors of g.
2, 5, 7, 13
Suppose 4*g + 2*w - 31 - 17 = 0, 0 = 3*g - 4*w - 14. Suppose 13*u = -g*u + 11362. What are the prime factors of u?
2, 13, 19
Let n = 4703 + 2673. What are the prime factors of n?
2, 461
Let p(j) = -2*j**3 + 10*j**2 + j - 2. Let z be p(5). Suppose 551 = z*v - 256. List the prime factors of v.
269
Let s = 12 + 0. Let p be ((-26)/(-8) - 4) + (-3411)/s. Let q = p + 534. List the prime factors of q.
3, 83
Let g(h) = -h**3 + 6*h**2 - 8*h + 7. Let y be g(3). Suppose -8*i + 66 = y. Suppose -i*o - 190 = -995. What are the prime factors of o?
5, 23
Suppose w = 5*a - 36, -27*w + 31*w - 5*a + 69 = 0. Let o(d) = d**2 - 43*d - 20. What are the prime factors of o(w)?
2, 7, 41
Suppose 13*u - 17*u = -1544. Suppose 7*c = 2017 - u. What are the prime factors of c?
233
Let r = 8504 - -7568. What are the prime factors of r?
2, 7, 41
Suppose 8 = -t + 3*t. Suppose -60 + 172 = -t*x. List the prime factors of 1/(-2) - 154/x.
5
Suppose -177*n = -344*n + 173*n - 28224. What are the prime factors of n?
2, 3, 7
Let q(x) = 3*x**3 + 10*x**2 - 10*x + 7. Let k be q(7). Suppose -3*l + 4*l + 2*o - 477 = 0, o = -3*l + k. List the prime factors of l.
487
What are the prime factors of (-9)/(-3)*6*2/(12/6518)?
2, 3, 3259
Suppose -5*q + 145 - 715 = -4*o, -4*q + 5*o = 447. Let x = q - -1507. List the prime factors of x.
3, 463
Let m = 33707 + -19813. What are the prime factors of m?
2, 6947
Let q(d) = 5*d**2 + 10*d + 26. What are the prime factors of q(32)?
2, 3, 911
Suppose 705467 + 174229 = 18*d. What are the prime factors of d?
2, 41, 149
Let y(q) = 50*q**2 - 2*q - 6. Let z(h) = -104*h**2 + 3*h + 10. Let g(n) = -5*y(n) - 3*z(n). Let o(m) = m + 5. Let x be o(-4). List the prime factors of g(x).
3, 7
Suppose 0 = a + 4*d + 26, 2*d + 0*d = -10. Let v = -1 - 68. What are the prime factors of v/a - 0 - 3/(-6)?
2, 3
Let c = 1560 - 1103. Let d = -5 + c. What are the prime factors of d?
2, 113
Let v(q) be the second derivative of 12*q**2 - 16*q + 1/3*q**3 + 0. List the prime factors of v(5).
2, 17
Let f(o) = -8*o**3 - o**2 + 2*o + 2. Let w be f(-1). Suppose -6454 = -7*i - w*i. What are the prime factors of i?
461
Let b = 111 + -109. List the prime factors of (-31*b)/(28/(-13) - -2).
13, 31
Let j(o) = -11*o - 80. Let b be j(-6). List the prime factors of 189/54*(-176)/b.
2, 11
Suppose 0 = 6*i + 242 + 166. Let y = -41 - i. List the prime factors of y.
3
Let k be ((-48)/28)/(14/(-49)). Suppose k*v = v + 10. Suppose -5*p + 223 = 3*x, v*x - 7*x + 383 = -3*p. What are the prime factors of x?
2, 19
Suppose 0 = 2*f + 3*x - 848 - 460, x + 1292 = 2*f. Suppose -36*i = -37*i + f. List the prime factors of i.
2, 3
Let h(o) = -2*o**2 - 14*o + 152. Let v(a) = 2*a**2 + 7*a - 77. Let c(y) = 6*h(y) + 11*v(y). List the prime factors of c(12).
7, 29
Suppose -117162 = -151*p + 6507. What are the prime factors of p?
3, 7, 13
Let g = -26202 - -59857. List the prime factors of g.
5, 53, 127
Suppose -8*t + 5*t = -1443. Suppose -3*u = 3*z - 2046, 0*z + 2*z = 5*u - 3382. Let k = u - t. List the 